nder when 123 - ((4 - 0) + 2) is divided by 12.
9
Suppose 3*y + 2 = -19. Let v(r) = r**2 + 5*r + 8. Let g be v(y). Suppose -8*a + 42 = -g. Calculate the remainder when 30 is divided by a.
6
Let p(z) = z**2 + 13*z - 40. Let w be p(-19). Let h = 85 - w. What is the remainder when 41 is divided by h?
8
Let q = 17 - 14. Suppose -q*n + 8 = -1. Calculate the remainder when (1 - (n - 1)) + 32 is divided by 11.
9
Let p = 247 + -140. Suppose d + 12 - p = 0. Calculate the remainder when d is divided by 32.
31
Suppose 4*g + u = 7*g - 24, 2*u - 24 = -2*g. Suppose -4*c - 39 = -5*a, 5*c + 26 = 3*a - 0*a. Calculate the remainder when g is divided by a.
2
Let y(x) = x**2 - x + 38. Let i be y(0). Suppose 4*d + 22 + 202 = 4*r, 2*d = 3*r - 168. Let k = r - i. Calculate the remainder when k is divided by 5.
3
Suppose -y + 4*q = -25, 3*q + 19 = 3*y - 11. Let o = 7 + 1. Calculate the remainder when o is divided by y.
3
Let a = -347 - -1105. Calculate the remainder when a is divided by 20.
18
Let k = 9586 + -9552. Suppose -5*v = 342 - 1692. Calculate the remainder when v is divided by k.
32
Calculate the remainder when 2 + 21 - 3/(-1) is divided by ((-2)/(-6))/((-725)/(-180) + -4).
2
Let h(o) = -16*o - 5. Suppose s - 6*s + 249 = 4*b, 3*s = 3*b - 153. Let q = b + -41. Calculate the remainder when h(-4) is divided by q.
14
Let k = -49 - -121. Suppose -k = -i - 58. Calculate the remainder when 69 is divided by i.
13
Let g(y) = 2*y**2 + 4. Suppose 5*d = 0, 0 = -s + 2*d - 2 - 3. Let q be g(s). Suppose 2*w - 5*w = -q. Calculate the remainder when w is divided by 5.
3
Let t = -664 - -1148. Calculate the remainder when t is divided by 238.
8
Suppose 4*u - 2 - 23 = 5*x, x + 26 = 5*u. Let n = 639 + -589. What is the remainder when n is divided by (38/x)/(-2) - 2?
16
Let b be 6/(-1 - 2/4). What is the remainder when ((-58)/(-3))/(b/(-6)) is divided by 10?
9
What is the remainder when 1/((-2)/4 + 1) - -141 is divided by 5?
3
Let j be 4 - (-1 - -2)/1. Suppose 7*z - 232 = 62. Suppose j = k - 2*h, k + k = -5*h + z. What is the remainder when k is divided by 6?
5
Calculate the remainder when 298 is divided by (-5)/(-4)*(-13)/(26/(-160)).
98
Suppose -3*i = -2*l + 24, 5*l = 2*i + 81 - 32. Let z be 5*((-291)/(-15) + 1). Suppose 11*f = l*f + z. Calculate the remainder when f is divided by 9.
6
Suppose 3*z - 71 = 2*i, i - 155 = -2*z - 117. Calculate the remainder when 57 is divided by z.
15
Let o(j) = -j - 12. Let w be o(-15). Suppose w*d - 17 = -m, -m + d - 10 = -47. Calculate the remainder when 189 is divided by m.
29
Let d = 123 - -291. Suppose -2*j - d = -5*j. Calculate the remainder when j is divided by 35.
33
Suppose 3*g + 6*z = 3*z + 12, -4*z + 1 = g. Let i(b) = 2*b + 6. Let m be i(-11). Calculate the remainder when (-6)/3 - m - -3 is divided by g.
2
Let g be 3*((-4)/12 - -2). Let b(j) = -j + 17. Calculate the remainder when 45 is divided by b(g).
9
Let a(y) = -12*y. Suppose 4*z - 3*z + 5 = 0. Let w be a(z). Suppose 0 = -b + 4 + w. What is the remainder when b is divided by 13?
12
Let n be (-5 - -6) + (-266)/2. Let s = n - -205. Calculate the remainder when s is divided by -2*-1*(-148)/(-8).
36
Suppose -k + 24 = 11*k. Suppose -3*x = 5*b - 8*x - 65, 38 = k*b - 5*x. What is the remainder when 25 is divided by b?
7
Suppose 0 = c + 5*c - 438. Suppose t - 42 = -t - 4*g, 2*g - c = -5*t. Let k = 109 + -60. Calculate the remainder when k is divided by t.
10
Suppose -15*u + 458 = 98. Calculate the remainder when 361 is divided by u.
1
Let f(s) = 2*s + 21. What is the remainder when 74 is divided by f(-8)?
4
Let p = 3772 - 3768. Let a(s) = 7*s + 1. Let t be a(-1). Calculate the remainder when t/(-7)*(0 - -7) is divided by p.
2
Suppose -52*m + 89 = -51*m. Suppose -h - 2*w = -4*w - 32, h + 5*w = 39. Calculate the remainder when m is divided by h.
21
Suppose 51 = k - 0*k + s, -99 = -2*k - 5*s. Suppose 33 = 3*w + 5*v, 2*v - 33 = -3*w - 0*v. What is the remainder when k is divided by w?
8
Suppose -7 = -2*d + 1. Let g(u) = u**2 - 2*u + 5. Let i be g(d). Suppose 1 = -2*y + i. What is the remainder when 16 is divided by y?
4
Suppose 0 = 4*v - 16, 0 = -14*q + 13*q - 5*v + 307. What is the remainder when q is divided by 24?
23
Suppose -m + 272 = -18*m. Let i = -2 - m. Calculate the remainder when 52 is divided by i.
10
Calculate the remainder when (1 - -432) + -5 + -2 is divided by 18.
12
Let c(o) = 9*o**2 + 6*o + 1. Let h be c(-4). Suppose m + 0*m + q = 40, 3*m - h = -4*q. Suppose 0 = -2*r + m + 27. What is the remainder when 65 is divided by r?
32
Let d = 23 - 20. Suppose 2*o + 4*w - 48 = 60, -5*w + 15 = 0. Calculate the remainder when o is divided by 380/15 + d/(-9).
23
Calculate the remainder when ((-57)/(-18))/((-18)/(-2052)) is divided by 26.
23
Let o = 24 - 19. Suppose -l + 97 = -5*i + l, 113 = -o*i - 2*l. Let v = i - -38. Calculate the remainder when 66 is divided by v.
15
Suppose -4*m - 22 + 74 = 2*q, 5*m - 3*q = 65. Calculate the remainder when 18 is divided by m.
5
What is the remainder when 251 + -1 + 1 + 9 is divided by 33?
29
Let k = -27 - -32. Suppose -5*z + 0 - k = i, 2*i + 3*z = 11. Let h = 12 + i. What is the remainder when 87 is divided by h?
21
Let k = 22 + -22. What is the remainder when (k + 0)*(-8)/16 + 197 is divided by 10?
7
Suppose -3*x - 3*m - 3 = 0, 0 = -5*x - 0*x - 3*m + 5. Calculate the remainder when 99 is divided by x.
3
Let y = 3 + 1. Suppose v = -y*k - k + 40, -5*v - 5*k = -100. Calculate the remainder when (-1 + -3)*174/(-8) is divided by v.
12
Suppose 0 = -2*z - 3*r + 5*r - 2, 4*z + 3*r - 10 = 0. Calculate the remainder when z is divided by (-2)/(-3)*(-9)/(-6).
0
Suppose 2*p + 36 - 2 = 3*a, 5*p = 5. Suppose g = -5*q + a, -q = -0*q - 5*g - 18. Suppose t = -q*t + 300. Calculate the remainder when t is divided by 19.
18
Let x(d) = -d**3 - 9*d**2 + 10*d + 3. Let n be 1*(2 + 11 + -3). Suppose -v - y + 0*y - n = 0, 0 = -3*y. What is the remainder when 6 is divided by x(v)?
0
What is the remainder when 4 + (61 - -9) + -1*6 is divided by 18?
14
Suppose -2*a + 82 = 2*f - 14, 4*f - 3*a = 206. Suppose f = i + i. Suppose -2*j + 294 = j. Calculate the remainder when j is divided by i.
23
Let o(z) = 6*z - 16. Let i be o(10). Let j be -2 - i/8*-2. Suppose 0 = -j*q + 12*q - 69. Calculate the remainder when 91 is divided by q.
22
Suppose -v + 2*o + 13 = 0, 5*v - 6*o = -o + 55. Calculate the remainder when 27 is divided by v.
0
Let z be (-94)/(-2 - -4)*-1. Suppose 0 = 5*b + 7 - z. Calculate the remainder when b is divided by 4.
0
Suppose -26*k + 29*k = 15. What is the remainder when 49 is divided by k?
4
What is the remainder when (804/15 - 2)/((-32)/(-80)) is divided by 26?
25
Let g(l) = l**2 - 6*l - 2. Let r(t) = t**3 + 4*t**2 - 6*t + 2. Let w = -32 - -27. Calculate the remainder when r(w) is divided by g(7).
2
Suppose -87*q + 2109 = -30*q. What is the remainder when 114 is divided by q?
3
Let r(l) = 27*l**2 - 8*l - 6. Calculate the remainder when 168 is divided by r(-1).
23
Let b(x) = -x**2 + 13*x - 3. Let a(j) = -22*j + 156. Calculate the remainder when b(9) is divided by a(6).
9
Let s(l) = 20*l**2 + 7*l + 1. Let v be s(-2). Suppose 3*q - v + 19 = 0. What is the remainder when q is divided by 9?
7
Let n(v) be the first derivative of -8*v**2 - 4*v + 1. Suppose -o + 10 = -16. Calculate the remainder when n(-5) is divided by o.
24
Let n be (36/(-3))/(2 - 4). Suppose 3*z = -0*z + n. Suppose z*g - 29 = 5. What is the remainder when 33 is divided by g?
16
Let c be 6/(-5)*(-29 - 1). Suppose 0*f + 2*f - c = 0. Suppose -8*d + 3*d + 3*x + 31 = 0, 0 = -2*d + 3*x + 16. Calculate the remainder when f is divided by d.
3
Suppose 5*p - 57 - 51 = 3*o, -4*o - 25 = -p. Calculate the remainder when 140 is divided by p.
14
Let x = 0 - -2. Suppose -5*t - 3*c = -1, -2*t - c - x*c - 5 = 0. Suppose -3*d = 5*g - 91, -4*d - t*g = -g - 110. What is the remainder when 52 is divided by d?
25
Let h(z) = -3*z**3 - 2*z**2 + z + 2. Let p = 11 - -51. What is the remainder when p is divided by h(-2)?
14
Let u be (-29)/(-9) - 16/72. Suppose 0 = u*y - 5 - 4. What is the remainder when 11 is divided by y?
2
Let p be 33/7 + (-1)/(7/(-2)). Suppose -5*k + 0*k + 173 = -2*n, n + 169 = p*k. Calculate the remainder when k is divided by 7.
5
Let a = 2 + 1. Let v = 7548 - 7547. Calculate the remainder when a is divided 